er when m is divided by s(2).
21
Let m = -94 - -162. Let x(j) = -61*j + 14. Let p be x(-6). Let t = p - 356. What is the remainder when m is divided by t?
20
Let p(n) = 162*n - 920. Calculate the remainder when 4575 is divided by p(6).
51
Let m(i) = -5*i - 4. Let o be m(-1). Let v be (30/7)/(o/42). Suppose -v = 26*g - 32*g. What is the remainder when 86 is divided by g?
26
Let i(c) = 122*c + 5. Let l be i(2). Let a = 417 - l. Suppose -5*b + a = 43. What is the remainder when 97 is divided by b?
22
Suppose 4986*z = 4982*z + 16, 0 = -3*t - 5*z + 518. Calculate the remainder when 472 is divided by t.
140
Let c = -2153 - -2344. Calculate the remainder when 382 is divided by c.
0
Let g(a) = 3514*a - 3010. Calculate the remainder when g(16) is divided by 219.
216
Let d(v) = v**2 - 8*v + 9. Suppose -10*g + 18*g + 40 = 0. Let u(m) = 3*m + 17. Calculate the remainder when d(7) is divided by u(g).
0
Let x = 78 - 165. Let f = 87 + x. What is the remainder when (-1992)/(-15) + f + (-4)/(-20) is divided by 27?
25
Let h(i) = -3*i**2 + 89*i - 59. What is the remainder when h(28) is divided by 66?
15
Suppose x - 3000 = -5*y, 2*y - 4*x - 1926 = -726. Suppose -6*u = -36*u + y. Suppose 5*n = -5, k + 3*k - 303 = 3*n. What is the remainder when k is divided by u?
15
Let u = -163 - -482. Suppose -299 + u = 4*k. Let b(g) = -g**2 + 4*g + 17. Calculate the remainder when 32 is divided by b(k).
8
Suppose -4*x - 4*g = -0*g - 1096, 2*x - 553 = 3*g. What is the remainder when x is divided by (812/203)/(4/69)?
68
Suppose -418*a + 9965 = -38523. Calculate the remainder when a is divided by (-93)/(-6)*(-1 + 3).
23
Let z = -41 + 41. Suppose z = 60*b - 64*b - 12. What is the remainder when (4/b)/(7/(693/(-6))) is divided by 13?
9
Suppose 9*b = 34*b + 1225. Calculate the remainder when 34 is divided by (-357)/(-49) + 14/b.
6
Calculate the remainder when (4/20)/((-44)/(-71522)) + 1/(-10) is divided by 4.
1
Let p = -114 + 197. Let q = p + -12. Let r = 4214 - 4177. What is the remainder when q is divided by r?
34
Let g(q) = -62 - 33*q + 21*q - 30*q - 12. Let b = 15 - -7. What is the remainder when b is divided by g(-2)?
2
Let r(i) = -i**2 - 27*i - 34. Let t be r(-21). Suppose 0 = -12*s + 320 - t. What is the remainder when 150 is divided by s?
17
Calculate the remainder when 301 is divided by (-636)/9*(-138)/92.
89
Let j be 2/(-3)*(0/1 - 3). Let r be j*(0 + (-202)/(-4)). Let q = -59 + r. What is the remainder when q is divided by 15?
12
Suppose -5*m = 4*a - 86, -4*m + 2*a = -60 + 12. Suppose 728 = -12*r + m*r. Let t = r - 237. What is the remainder when t is divided by 10?
7
Let z(t) be the second derivative of -4*t**3/3 - 13*t**2 - 18*t. Let l be z(-4). Calculate the remainder when 76 is divided by (180/(-42))/(l/(-28)).
16
Suppose 39*g = 22500 - 1245. Calculate the remainder when g is divided by 23.
16
Let f = -494 - -494. Calculate the remainder when 94 + (-4 - f) + 6 + -3 is divided by 16.
13
Suppose 2*n - 39 = 37*i - 32*i, n - 3*i - 20 = 0. What is the remainder when 51 is divided by n?
0
Suppose 0 = -v - 2*n + 54, 5*v + 5*n - 128 = 122. Suppose 12 = 4*i, -3*x - 3*i + v = -92. What is the remainder when x is divided by 23?
20
Let q = -140 + 252. Calculate the remainder when 840/224*(-1)/((-6)/q) is divided by 18.
16
Suppose -12*g + 4*n + 410 = -10*g, -4*g = -5*n - 826. Let p = g + -136. What is the remainder when p is divided by 25?
23
Suppose 134143 = 405*t + 35623 - 167565. What is the remainder when t is divided by 85?
62
Suppose 0 = -5*o - 2*p + 1501, 5*o + 695 = -p + 2198. Let m = o + -249. Calculate the remainder when m is divided by 31.
21
Suppose -p - 5*b + 50 = 0, -2*p + 90 = 2*p - 2*b. Let k = -756 + 855. Calculate the remainder when k is divided by p.
24
Let n(l) = -31*l**2 - 18*l + 55. Let o be n(9). Calculate the remainder when 71 is divided by (-4)/26 + o/(-286).
8
Let u(y) = y - 7. Let f be u(16). What is the remainder when 2/9 - (-25)/f is divided by 2?
1
Let s = -188 - -348. Suppose m + 15 - 68 = -4*v, -s = -4*m - 3*v. Let r = m + -8. What is the remainder when 144 is divided by r?
28
Suppose -y = 0, 2*b = -5*y + 460 - 118. What is the remainder when 715 is divided by b?
31
Suppose -5*a = j - 2555 - 316, -5*a + 3*j + 2887 = 0. Suppose -5*t + 72 + 204 = 4*b, -2*t + 8 = 0. What is the remainder when a is divided by b?
63
Suppose -116 = 4*k - 3*q - 132, 3*k = -q + 38. Let p = -22 + -7. Let i = p + 55. What is the remainder when i is divided by k?
6
Suppose -4*t - 14 = -154. Let n = 12 + -9. Suppose n*a + 23 = 59. Calculate the remainder when t is divided by a.
11
Let j(n) = 227*n**2 - 248*n**2 + n**3 - 7 - 63*n - 35*n - 5. Calculate the remainder when 188 is divided by j(25).
36
Let l = -4325 - -10122. What is the remainder when l is divided by 116?
113
Suppose 0*f - 3*f - p + 1723 = 0, 3*p = 2*f - 1167. Let m = -343 + f. What is the remainder when m is divided by 47?
45
Suppose -m - 20 = 4*m, 4*x = -4*m + 416. Suppose -22*b + 24*b = x. What is the remainder when (-3)/21*b*-7 is divided by 7?
5
Let v = 188 - 183. Suppose 5*k - 3*k - 78 = -p, v*k + 5*p = 185. What is the remainder when 163 is divided by k?
40
Let h(k) = k**3 - 26*k**2 + 73*k + 340. What is the remainder when (-2 - -4 - 4)*-34 is divided by h(22)?
8
Suppose 0 = -51*c - 77*c + 90537 + 112215. Calculate the remainder when c is divided by 42.
30
Let p(g) be the second derivative of g**5/20 - 2*g**4/3 + 5*g**3/6 + 17*g**2/2 + 4*g. What is the remainder when p(7) is divided by 3?
0
What is the remainder when 86 + -5*9/(-9) is divided by 53?
38
Suppose 0 = -34*y + 1275 + 357. Calculate the remainder when 56 is divided by y.
8
Let y be 83 - 0/(-6)*-1. Let v = 210 - y. Calculate the remainder when v is divided by 20.
7
Let n = 180 - 182. Let t(j) be the third derivative of -j**6/40 + j**5/60 - 5*j**4/24 - 5*j**3/6 + 4*j**2. What is the remainder when t(n) is divided by 18?
15
Suppose 0 = 3*p - 9, z - 1852 = -377*p + 375*p. Calculate the remainder when z is divided by 33.
31
Let o(i) = 68*i**2 + 4*i + 2. Suppose 417 = 13*g - 285. What is the remainder when o(-2) is divided by g?
50
Let g(m) = 8*m - 101. Let n be g(12). Let u(c) = 4*c + 63. What is the remainder when 428 is divided by u(n)?
41
Let u = 2332 + -2254. Calculate the remainder when 449 is divided by u.
59
Let n(s) = -s**2 - 35*s - 157. What is the remainder when 4980 is divided by n(-29)?
16
Let s(v) = 2*v**3 - 10*v**2 - 12*v - 4. Let d be s(6). Calculate the remainder when 0/8 + (-136)/d is divided by 23.
11
Suppose -54*h + 3113 = 1169. Calculate the remainder when 4971 is divided by h.
3
Suppose 2*q = 6*q - 32. Suppose -1 - q = -3*s. Let b(h) = 3*h**2 + 2*h - 2. What is the remainder when 121 is divided by b(s)?
28
Suppose 0 = -925*c + 949*c - 792. Calculate the remainder when 297 is divided by c.
0
Suppose 0 = 5*y + r + 151 - 197, 5*y - 88 = 2*r. Suppose 4*s = 2*l + 698 + 12, -3*l + 893 = 5*s. Calculate the remainder when s is divided by y.
10
Let o(q) = -q**3 - q**2 - 6*q + 6. Let r be o(7). Let i(a) = -a**3 + 19*a**2 - 33*a + 2. Calculate the remainder when (-10)/(-15) + r/(-6) is divided by i(17).
15
Let h be ((-20)/(-5) + 1)*(-1 - -10). Suppose 23*d = 24*d - h. What is the remainder when d is divided by 26?
19
Let i be (-16)/(-14) - 1527648/(-224). Suppose 10*x - i = -9*x. Calculate the remainder when x is divided by 36.
35
Suppose -181 - 319 = 5*g. Let p = g - -63. Let h = 40 + p. What is the remainder when h is divided by 3?
0
Let y(z) = -z**3 - 15*z**2 + z + 20. Let o be y(-15). Calculate the remainder when 192 is divided by 75/((o/2)/((-50)/(-30))).
42
Let t be (4 - -38*(-5)/(-10)) + -2. Calculate the remainder when 251 is divided by 28/t - 496/(-6).
83
Suppose -4*n - 3*n + 133 = 0. Suppose f - n*f = -378. What is the remainder when 125 is divided by f?
20
Let w = 66 + -26. Suppose -d + 3*h + 48 = -w, -4*d = -4*h - 360. Suppose -336 = -5*j - d. Calculate the remainder when j is divided by 5.
4
Let o(u) = 15*u + 395. Calculate the remainder when 228 is divided by o(-18).
103
Let w = 611 - 604. Let z(u) = 24*u - 149. What is the remainder when 53 is divided by z(w)?
15
Suppose 15*i = 24 + 36. Suppose 0*g + g = -n + 57, n - 48 = -i*g. What is the remainder when n is divided by 38?
22
Let w(v) = v**2 - 3*v - 43. Let k be w(9). Suppos